{"id":1751,"date":"2016-11-24T13:08:16","date_gmt":"2016-11-24T12:08:16","guid":{"rendered":"http:\/\/www.graph-art-line.at\/content\/?page_id=1751"},"modified":"2024-10-04T12:21:47","modified_gmt":"2024-10-04T11:21:47","slug":"christmas-minisessions","status":"publish","type":"page","link":"https:\/\/www.graph-art-line.at\/content\/christmas-minisessions\/","title":{"rendered":"christmas minisessions"},"content":{"rendered":"<p>Alle Jahre wieder. Die Weihnachtssaison ist er\u00f6ffnet.<\/p>\n<p>Bei den Weihnachts Mini Sessions entstehen einzigartige Momente, f\u00fcr ganz besondere Geschenke f\u00fcr Dich selbst und Deine Liebsten.<\/p>\n<p>Und ich nehme ab sofort bis 21. November Buchungen entgegen, es gibt nur beschr\u00e4nkte Pl\u00e4tze, also lasst Euch nicht zu lange Zeit.<\/p>\n<p>Die Termine f\u00fcr die Weihnachts Mini Sessions 2024<\/p>\n<p>8. November ab 14 Uhr<\/p>\n<p>9. November ab 10 Uhr<\/p>\n<p>15. November ab 14 Uhr und 16. November ab 10 Uhr<\/p>\n<p>&nbsp;<\/p>\n<p>Mit dem Buchen m\u00fcsst Ihr Euch schon beeilen, es sind schon viele Termine weg.<\/p>\n<p>Eine Mini Session im Weihnachtsstudio dauert ca. 30 Minuten und kann zu jeder vollen Stunde gebucht werden.<br \/>\nEine Weihnachts Mini Session kostet heuer \u20ac 224,-<\/p>\n<p>Ihr bekommt rund 20 Vorauswahlbilder. Aus diesen k\u00f6nnt Ihr Euch 5 Bilder aussuchen, die ich f\u00fcr Euch aufbereiten &amp; retuschieren soll.<br \/>\nDiese 5 Bilder bekommt Ihr dann in Originalaufl\u00f6sung digital inklusive Werknutzungsbewilligung, sowie ausgearbeitet auf 13 x 18 cm per Post.<\/p>\n<p>Jedes weitere aufbereitete bzw. retuschierte Bild kostet dann \u20ac 26,-<\/p>\n<p>&nbsp;<\/p>\n","protected":false},"excerpt":{"rendered":"<p>Alle Jahre wieder. Die Weihnachtssaison ist er\u00f6ffnet. Bei den Weihnachts Mini Sessions entstehen einzigartige Momente, f\u00fcr ganz besondere Geschenke f\u00fcr Dich selbst und Deine Liebsten. Und ich nehme ab sofort bis 21. November Buchungen entgegen, es gibt nur beschr\u00e4nkte Pl\u00e4tze, [&hellip;]<\/p>\n","protected":false},"author":1,"featured_media":0,"parent":0,"menu_order":0,"comment_status":"closed","ping_status":"closed","template":"","meta":{"footnotes":""},"class_list":["post-1751","page","type-page","status-publish","hentry"],"aioseo_notices":[],"_links":{"self":[{"href":"https:\/\/www.graph-art-line.at\/content\/wp-json\/wp\/v2\/pages\/1751","targetHints":{"allow":["GET"]}}],"collection":[{"href":"https:\/\/www.graph-art-line.at\/content\/wp-json\/wp\/v2\/pages"}],"about":[{"href":"https:\/\/www.graph-art-line.at\/content\/wp-json\/wp\/v2\/types\/page"}],"author":[{"embeddable":true,"href":"https:\/\/www.graph-art-line.at\/content\/wp-json\/wp\/v2\/users\/1"}],"replies":[{"embeddable":true,"href":"https:\/\/www.graph-art-line.at\/content\/wp-json\/wp\/v2\/comments?post=1751"}],"version-history":[{"count":15,"href":"https:\/\/www.graph-art-line.at\/content\/wp-json\/wp\/v2\/pages\/1751\/revisions"}],"predecessor-version":[{"id":71223,"href":"https:\/\/www.graph-art-line.at\/content\/wp-json\/wp\/v2\/pages\/1751\/revisions\/71223"}],"wp:attachment":[{"href":"https:\/\/www.graph-art-line.at\/content\/wp-json\/wp\/v2\/media?parent=1751"}],"curies":[{"name":"wp","href":"https:\/\/api.w.org\/{rel}","templated":true}]}}