{"id":2132,"date":"2017-01-17T00:58:02","date_gmt":"2017-01-16T23:58:02","guid":{"rendered":"http:\/\/www.graph-art-line.at\/content\/?page_id=2132"},"modified":"2020-01-14T18:48:50","modified_gmt":"2020-01-14T17:48:50","slug":"graphics","status":"publish","type":"page","link":"https:\/\/www.graph-art-line.at\/content\/graphics\/","title":{"rendered":"graphics"},"content":{"rendered":"<div><span style=\"font-family: 'Allura',sans-serif; font-size: 40px;\">\u00a0<\/span><\/div>\n<div><\/div>\n<div>\n<p class=\"dropcap\">Coporate Design ist ein gewichtiger Teil Ihrer Unternehmensidentit\u00e4t und umfasst das gesamtheitliche visuelle Erscheinungsbild Ihres Unternehmens. Mit dem Logo f\u00e4ngt nat\u00fcrlich alles an. Es repr\u00e4sentiert Sie und Ihr Unternehmen und sollte auf keinen Fall 08\/15 sein. Ich bin spezialisiert auf Grafik im Vektorbereich mit individuell gezeichneten Grafiken, dem Wunsch des Kunden entsprechend.<\/p>\n<\/div>\n<div>Gerne nehme ich mir f\u00fcr Sie die Zeit um in einem pers\u00f6nlichen Gespr\u00e4ch auf all Ihre W\u00fcnsche einzugehen und so Ihre Grafiken zu kreieren.<\/div>\n<div><\/div>\n<div>Packages sind auf jeden Fall m\u00f6glich,\u00a0sie beinhalten\u00a0Logoentw\u00fcrfe, sowie Layout &amp; Drucksatz f\u00fcr Visitenkarten, Flyer bzw. Folder, Briefpapier, Kuverts.<\/div>\n<div>Zus\u00e4tzlich biete ich die dazu passenden Homepagedesigns\u00a0an.<\/div>\n<div><\/div>\n<h3>Mein Angebot<\/h3>\n<div><\/div>\n<div><span style=\"font-family: 'Allura',sans-serif; font-size: 34px;\">Corperate Design<\/span><\/div>\n<div><\/div>\n<ul>\n<li>Logoentwicklung<\/li>\n<li>Logo- \u00dcberarbeitungen<\/li>\n<li>Visitenkarten<\/li>\n<li>sowie\u00a0alle zus\u00e4tzlichen Drucksorten<\/li>\n<li>und Homepage<\/li>\n<\/ul>\n<div><span style=\"font-family: 'Allura',sans-serif; font-size: 34px;\">web<\/span><\/div>\n<div><\/div>\n<ul>\n<li>Websites (fullresponsive) mit cms Bearbeitung<\/li>\n<li>Website Relaunches<\/li>\n<\/ul>\n<p><span style=\"font-family: 'Allura',sans-serif; font-size: 34px;\">digital<\/span><\/p>\n<ul>\n<li>Digitalisierung von handgeschriebenen Schriftz\u00fcgen &amp; Skizzen<\/li>\n<\/ul>\n<div><span style=\"font-family: 'Allura',sans-serif; font-size: 34px;\">print<\/span><\/div>\n<div><\/div>\n<ul>\n<li>Flyer &amp; Folder<\/li>\n<li>Visitenkarten<\/li>\n<li>Imagefolder auf Wunsch mit Fotografie<\/li>\n<li>Postkarten<\/li>\n<li>Brosch\u00fcren<\/li>\n<li>Kataloge<\/li>\n<li>Zeitungen<\/li>\n<li>Briefpapier<\/li>\n<li>Kuverts<\/li>\n<li>Plakate<\/li>\n<li>Anzeigen<\/li>\n<li>Banner<\/li>\n<li>Flaggen<\/li>\n<li>Transparente<\/li>\n<li>T\u00fcrschilder<\/li>\n<li>Men\u00fckarten<\/li>\n<li>Verpackungslayout<\/li>\n<li>Einladungen<\/li>\n<li>Geburtsanzeigen<\/li>\n<li>Hochzeitsanzeigen<\/li>\n<li>B\u00fccher<\/li>\n<li>Autobeschriftungen<\/li>\n<li>Aufkleber<\/li>\n<li>und vieles mehr&#8230;<\/li>\n<\/ul>\n<div>\n<hr \/>\n<\/div>\n<p>Passend zu Ihrem Unternehmen kann ich auch gerne die Fotografie f\u00fcr Ihre Drucksorten und Ihre Homepage \u00fcbernehmen. Von Portraits der Mitarbeiter \u00fcber die Location an sich oder diverse Stimmungsbilder bis hin zu Produktaufnahmen.<\/p>\n<p>Fotostockb\u00f6rsen waren gestern, viel pers\u00f6nlicher sind doch eigen individuell gemachte Fotografien, die dann nicht jeder xbeliebige Zweitanbieter auch im Programm hat.<\/p>\n<p><a href=\"http:\/\/www.graph-art-line.at\/content\/portfolio\/graphics\/\" target=\"_self\"class=\"village-button normal\" >&#8230;read less<\/a><\/p>\n","protected":false},"excerpt":{"rendered":"<p>\u00a0 Coporate Design ist ein gewichtiger Teil Ihrer Unternehmensidentit\u00e4t und umfasst das gesamtheitliche visuelle Erscheinungsbild Ihres Unternehmens. Mit dem Logo f\u00e4ngt nat\u00fcrlich alles an. Es repr\u00e4sentiert Sie und Ihr Unternehmen und sollte auf keinen Fall 08\/15 sein. Ich bin spezialisiert [&hellip;]<\/p>\n","protected":false},"author":1,"featured_media":0,"parent":0,"menu_order":0,"comment_status":"closed","ping_status":"closed","template":"","meta":{"footnotes":""},"class_list":["post-2132","page","type-page","status-publish","hentry"],"aioseo_notices":[],"_links":{"self":[{"href":"https:\/\/www.graph-art-line.at\/content\/wp-json\/wp\/v2\/pages\/2132","targetHints":{"allow":["GET"]}}],"collection":[{"href":"https:\/\/www.graph-art-line.at\/content\/wp-json\/wp\/v2\/pages"}],"about":[{"href":"https:\/\/www.graph-art-line.at\/content\/wp-json\/wp\/v2\/types\/page"}],"author":[{"embeddable":true,"href":"https:\/\/www.graph-art-line.at\/content\/wp-json\/wp\/v2\/users\/1"}],"replies":[{"embeddable":true,"href":"https:\/\/www.graph-art-line.at\/content\/wp-json\/wp\/v2\/comments?post=2132"}],"version-history":[{"count":27,"href":"https:\/\/www.graph-art-line.at\/content\/wp-json\/wp\/v2\/pages\/2132\/revisions"}],"predecessor-version":[{"id":3010,"href":"https:\/\/www.graph-art-line.at\/content\/wp-json\/wp\/v2\/pages\/2132\/revisions\/3010"}],"wp:attachment":[{"href":"https:\/\/www.graph-art-line.at\/content\/wp-json\/wp\/v2\/media?parent=2132"}],"curies":[{"name":"wp","href":"https:\/\/api.w.org\/{rel}","templated":true}]}}